2 + 13*i - 2. What is the tens digit of x(j)?
3
Let q = 169 + -65. What is the hundreds digit of q?
1
Let n be (48/(-9) - 2)/((-7)/21). Let p be (-1 - 2)/(2/(-38)). Let j = p - n. What is the units digit of j?
5
Let s(n) be the third derivative of -n**6/720 - n**5/12 + n**4/3 - 8*n**2. Let g(p) be the second derivative of s(p). What is the units digit of g(-12)?
2
Let p(s) = 5*s**2. Let b be p(1). Suppose 0 = b*f - 0*f - 10. Let t(n) = 15*n - 7. What is the units digit of t(f)?
3
Let t be -2 + (-2*6)/(-3). Suppose -t*z + 3*u + 136 = 0, 4 = u + u. What is the units digit of z?
1
Let s(t) = -t**3 + t**2 + t + 1. Let v be s(-1). Suppose -28 = -v*l - 4*n, -5*n + 2*n = 6. What is the tens digit of l?
1
Let q = -57 + 74. Suppose -315 = -q*m + 14*m. What is the hundreds digit of m?
1
Let c = 1086 + -723. Let m = c + -248. What is the units digit of m?
5
Let d = 23 + -17. Let s be 1 + d/3 - 2. What is the units digit of 3 - (s/1 + 1)?
1
Suppose -9*j + 4 = -7*j. What is the units digit of -1 + (-8)/(-2) + 4/j?
5
Let a(v) be the second derivative of -v**4/12 + 5*v**3/3 - v**2/2 - 8*v. Let j be a(8). What is the tens digit of 114/2*10/j?
3
Suppose -16*a - 1350 = -18*a - 5*x, 2*x = 3*a - 2063. What is the tens digit of a?
8
Let a = -12 + 23. Let z(o) be the third derivative of -o**5/60 + 13*o**4/24 - 8*o**3/3 + 11*o**2. What is the units digit of z(a)?
6
Let j = 14 - 12. Suppose -3*h = -3*m - 3, -3*m + 11 + 11 = j*h. What is the tens digit of (-10)/h*33/(-6)?
1
Suppose -13*d + 63144 = 11*d. What is the thousands digit of d?
2
Let q(r) = r**3 + r. Let h(m) = 4*m**3 + 9*m**2 + 8*m - 11. Let b(c) = h(c) - 3*q(c). What is the units digit of b(-6)?
7
What is the units digit of (-962)/(-3) - (44/12 - 3)?
0
Suppose 5*u - 3*j + 0 = 6, -2*u = -4*j - 8. Suppose 4*h - 27 - 17 = u. What is the tens digit of (4 + (-3 - 0))*h?
1
Let q(m) be the second derivative of -1/2*m**2 + 0 - 5/6*m**3 + 1/6*m**4 + 3*m. What is the units digit of q(5)?
4
Let f(h) = -h + 1. Let x(t) = t**2 + 16*t - 22. Let j(g) = 3*f(g) - x(g). What is the units digit of j(-18)?
3
Let m = 55 + -54. What is the units digit of m - 1/(5/(-45))?
0
Let f(d) = d**2 + 17*d + 13. Let b be f(-13). Let q = 56 + b. What is the tens digit of q?
1
Let o(n) = n**3 + 21*n**2 - 26*n - 82. Let t be o(-22). Let v(s) = -s**2 - 6*s - 7. Let a be v(-5). Let m = t - a. What is the units digit of m?
8
Let y be (-2)/(-3) - (-78)/(-9). Let b be y*(-3 - 10/(-4)). What is the units digit of b - 3*(2 - 1)?
1
Suppose 0*i - u + 386 = -3*i, i - 2*u + 122 = 0. Suppose 2*w + 116 = -0*w. Let s = w - i. What is the tens digit of s?
7
Suppose 2*k + 0 + 4 = 0. Let u(l) = -21*l + 9. What is the tens digit of u(k)?
5
Suppose 1183 = t - 2*u - 1445, -4*t + 4*u = -10504. What is the thousands digit of t?
2
Suppose u + 2 = -4*l - 1, 2*l = 4*u - 6. Let o be 275/(-15)*(-4 + u). Suppose 4*d - o = 5. What is the tens digit of d?
1
Let t be 0/(-5)*(-1)/(-2). Suppose -4*w + 4*q = t, 5 = -4*q - 7. Let m = 12 + w. What is the units digit of m?
9
Suppose -11*b = -17*b + 12. Suppose -5*k + 6*k + 356 = b*h, -5*h = 2*k - 899. What is the tens digit of h?
7
Suppose -143*s + 6696 = -137*s. What is the hundreds digit of s?
1
Let k be -3*8/84*-49. What is the tens digit of (0 + 7/k)*(0 - -58)?
2
Let l(z) = -3*z**3. Let v be l(-1). Suppose -x - x = 8, -5*g + v*x = -42. What is the units digit of (-3 + (-14)/g)*-6?
2
What is the tens digit of (5 + (-4 - -1469))*24/30?
7
Suppose 5*j - 25 = -4*x, 5*j - 25 = -x - x. Let u = 2 - x. What is the units digit of u?
2
Let y = -220 + 146. Let u = y - -107. What is the units digit of u?
3
Let g = -9 - -11. Suppose 0 = 3*l - 2*p - g, -6*l + 26 = -2*l + 2*p. Suppose 2*v = 3*m + 28 + 42, m + l = 0. What is the tens digit of v?
2
Let u(z) = 50*z**2 + 74*z - 599. What is the units digit of u(9)?
7
Let t = -39 - -36. What is the units digit of (-8 - 14/(-4))*88/t?
2
Suppose 2*x - 36 = -2*x. What is the tens digit of 24 - x/((-18)/(-4))?
2
Suppose -2*y + 26 = 4*c, 3*c = -2*c + 3*y + 5. Suppose -36 = -2*x - c*g, -6*x + 4*g = -2*x - 36. What is the tens digit of x?
1
Let u(v) = 156*v - 5. Let s = 11 + -9. Let a be u(s). Suppose a = 7*q - 71. What is the units digit of q?
4
Let f = -433 - -268. Let o = f + 308. What is the tens digit of o?
4
Suppose x + 5*i = -37, -6*i + 171 = -3*x - i. What is the units digit of (4 - 18/4)*x?
6
Let y be ((-4)/(-3))/(2/87). Suppose 0 = -l + 3*b + y, -2*b + 3*b = 2*l - 141. What is the tens digit of l?
7
Suppose 4*r + 2*h = 252, 3*h = -2*r + 70 + 56. Let b = r + -4. What is the tens digit of b?
5
Let t = -2351 - -3335. What is the hundreds digit of t?
9
Suppose -2 = -3*r + 7. Suppose 0*p = 5*p - 25, -2*b = -r*p - 237. What is the units digit of b?
6
Let f(n) = -21*n**3 - 1. Let v be f(-1). Let u(d) = 7*d**2 - 9*d - 6. Let m be u(-10). What is the tens digit of (-8)/(-10) + m/v?
4
Suppose 0*o + o + 4778 = 4*l, 0 = 4*l - 4*o - 4784. What is the tens digit of l?
9
Let j be 2 + 1/((-1)/(-160)). Suppose 20 = 5*f, -j = -5*u + 3*f + 141. What is the tens digit of u?
6
Let x be (0/(-1 - -5))/3. Suppose 3*s + 2 = 4*i - 0, -4*i - 2 = -5*s. Suppose x = s*a - 65 - 9. What is the units digit of a?
7
Suppose 6 = -p - 6. Let f be (-20)/p*(-3)/(-1). Suppose 6 = f*v + 1. What is the units digit of v?
1
Suppose -5*b + 13*d = 16*d - 4004, 0 = -5*b - 4*d + 4002. What is the tens digit of b?
0
Suppose 5*y - 34 = -9. Let x = 18 - y. Suppose -2*g = -k + g - 11, 2*k + g - x = 0. What is the units digit of k?
4
Let z(u) = -2*u - 26. Let f be z(-16). Suppose 0 = f*c + 88 - 526. What is the units digit of c?
3
Let t(m) = m**3 + 7*m**2 + 7*m - 4. Let w be t(-5). Let n = -7 + w. What is the units digit of n?
4
Suppose 130 = 2*l - 0*l. Let x = l - 41. Suppose 0 = 5*i - 184 + x. What is the tens digit of i?
3
Let h(i) = -6 + i + 0*i - 7*i + 4*i. Let d be h(-5). What is the tens digit of (-5)/((d/16)/(-1))?
2
Suppose -4*x + 16 = -2*i, 5*x + 5*i = 22 - 2. What is the units digit of (22/x + -3)*26?
5
Let q(v) = 2*v**3 - 2*v**2 + 9*v + 8. Let r(x) = x**3 - 3*x**2 + 8*x + 9. Let t(h) = -2*q(h) + 3*r(h). What is the units digit of t(-7)?
7
Suppose 0 = 4*z - 2*i + 50, 3*z = i - 43 + 4. Let s = z + 58. What is the units digit of s?
4
Let h = -19 - -34. Suppose -2*a + 5*c = -106, 0 = -a - 5*c + 79 - 11. Let s = a - h. What is the units digit of s?
3
What is the hundreds digit of 7790/25 - (12/5)/(-6)?
3
Let f(s) = -s**2 - 17*s - 1. Let l(j) = -4*j. Let o be l(2). What is the tens digit of f(o)?
7
Let h = 9 + -16. Let q = -5 - h. What is the tens digit of (-6)/q - 32/(-2)?
1
Suppose 0 = -28*q + 24*q + 64. What is the units digit of 32*(-3)/((-2)/(q/12))?
4
Let a be 2/(-8)*(-7 + -1). Suppose -2*j - 4 = -4*j - h, -a*h + 8 = -4*j. Suppose 4*g - 344 = -7*c + 3*c, j = 3*c - 2*g - 233. What is the tens digit of c?
8
Let j be (1 - 67/2)*20/25. What is the units digit of (-4)/(-26) - (5 + 1114/j)?
8
Suppose 0 = -5*j + 22 - 12. What is the tens digit of (-83 - 0)/(j - 3)?
8
Let y be (-7690)/(-25) - (-2)/(-20)*-4. Suppose -2*x = -5*s - 293, -4*x = -2*x - 2*s - y. What is the hundreds digit of x?
1
Suppose o + 0 - 5 = 0. Suppose -o*g = -13 + 3. What is the units digit of g?
2
Let k(f) = 51*f + 105. What is the hundreds digit of k(8)?
5
Suppose -p + 6*p = 2*o + 1, -o - 7 = 4*p. Let l(a) = -61*a + 9. Let w be l(o). Suppose -w = -3*m - 72. What is the units digit of m?
0
Let n be (122 + 4)*(-2)/(-3). Suppose 2*b - 6 = n. What is the tens digit of b?
4
Let s = 0 - 21. Let p = s - -41. What is the units digit of p?
0
What is the units digit of 1/((3/9)/1) + 1858?
1
Suppose -5*i + 7*i = 242. Let d = i + -71. What is the tens digit of d?
5
What is the units digit of (15 - (36 + -18))*8000/(-6)?
0
Let o = -3 - -9. Suppose -5*y + 4*y = u - o, -3*y = -u - 10. What is the units digit of u?
2
Let c = -74 - -2054. What is the units digit of c?
0
Let w(k) = -4*k + 24. Let g be w(10). Suppose 0 = z + 3*z - 352. What is the units digit of 2 - z/(g/4)?
4
Let p(m) = -10*m**2 - m - 1. Let g be p(-1). Let d be ((-4)/5)/(g/25). Suppose -69 = -d*h - 23. What is the units digit of h?
3
What is the units digit of -2 + 1211 + 24 + -15?
8
Suppose 3*b + 199 - 3877 = 0. What is the thousands digit of b?
1
Let m be 10*1/(-8)*-4. Suppose m - 1 = 2*v. What is the units digi